of 44851088?
8
What is the tens digit of 29759772?
7
What is the ten thousands digit of 950816823?
1
What is the hundreds digit of 77700380?
3
What is the ten millions digit of 33381166?
3
What is the millions digit of 25354612?
5
What is the hundreds digit of 888955003?
0
What is the ten thousands digit of 82318291?
1
What is the hundreds digit of 1393317262?
2
What is the units digit of 16761675?
5
What is the ten millions digit of 104431543?
0
What is the hundred millions digit of 4517731047?
5
What is the thousands digit of 4718070057?
0
What is the hundred thousands digit of 705121044?
1
What is the ten thousands digit of 102533396?
3
What is the hundreds digit of 811589826?
8
What is the tens digit of 5420439079?
7
What is the tens digit of 12072856?
5
What is the units digit of 5044176602?
2
What is the hundred thousands digit of 96171930?
1
What is the ten millions digit of 2081352127?
8
What is the tens digit of 17030968?
6
What is the hundred millions digit of 4962808426?
9
What is the ten millions digit of 695216292?
9
What is the ten millions digit of 57510766?
5
What is the hundreds digit of 288240772?
7
What is the hundred thousands digit of 3343405360?
4
What is the hundred millions digit of 297409896?
2
What is the millions digit of 143424238?
3
What is the millions digit of 173640007?
3
What is the tens digit of 31692322?
2
What is the ten millions digit of 3822319436?
2
What is the millions digit of 31593705?
1
What is the ten millions digit of 63223642?
6
What is the ten thousands digit of 305309741?
0
What is the units digit of 164563590?
0
What is the hundred thousands digit of 46997483?
9
What is the units digit of 267862442?
2
What is the ten millions digit of 138763452?
3
What is the ten millions digit of 178798344?
7
What is the tens digit of 2687252192?
9
What is the thousands digit of 425337772?
7
What is the hundred thousands digit of 7789968?
7
What is the tens digit of 344565960?
6
What is the hundred millions digit of 131811500?
1
What is the ten millions digit of 1901415861?
0
What is the hundred thousands digit of 2055915720?
9
What is the millions digit of 79240362?
9
What is the ten millions digit of 125517866?
2
What is the thousands digit of 56223432?
3
What is the units digit of 107212905?
5
What is the hundred thousands digit of 1733247254?
2
What is the hundreds digit of 31442635?
6
What is the millions digit of 97765311?
7
What is the hundred millions digit of 796765432?
7
What is the ten millions digit of 347385685?
4
What is the thousands digit of 105654482?
4
What is the ten millions digit of 705775701?
0
What is the ten millions digit of 1205043057?
0
What is the billions digit of 1784954801?
1
What is the tens digit of 824597662?
6
What is the billions digit of 2993918082?
2
What is the ten millions digit of 80321336?
8
What is the billions digit of 1976760465?
1
What is the hundred millions digit of 1931641172?
9
What is the ten thousands digit of 382649430?
4
What is the thousands digit of 171755778?
5
What is the millions digit of 48272695?
8
What is the hundreds digit of 83963782?
7
What is the hundred thousands digit of 888241?
8
What is the ten thousands digit of 2894164427?
6
What is the units digit of 629373955?
5
What is the units digit of 3068924459?
9
What is the tens digit of 106993954?
5
What is the ten millions digit of 159514513?
5
What is the hundred thousands digit of 988640438?
6
What is the millions digit of 169142587?
9
What is the ten millions digit of 822986002?
2
What is the ten millions digit of 48968046?
4
What is the hundred thousands digit of 26225179?
2
What is the billions digit of 1250142281?
1
What is the ten millions digit of 2613967102?
1
What is the ten millions digit of 51003219?
5
What is the thousands digit of 113086966?
6
What is the hundred thousands digit of 568965687?
9
What is the hundreds digit of 15397283?
2
What is the millions digit of 448147365?
8
What is the hundreds digit of 305409475?
4
What is the hundred thousands digit of 1119842754?
8
What is the units digit of 55418021?
1
What is the thousands digit of 702205677?
5
What is the millions digit of 1401117878?
1
What is the hundred millions digit of 5049883306?
0
What is the ten millions digit of 1871361686?
7
What is the millions digit of 214854662?
4
What is the hundreds digit of 2726952702?
7
What is the millions digit of 1997699398?
7
What is the millions digit of 2364349?
2
What is the hundred thousands digit of 896865716?
8
What is the ten millions digit of 672301675?
7
What is the hundreds digit of 458133056?
0
What is the millions digit of 2037530429?
7
What is the tens digit of 2029363863?
6
What is the units digit of 89434810?
0
What is the millions digit of 159619560?
9
What is the ten thousands digit of 422824873?
2
What is the hundred thousands digit of 2549575209?
5
What is the ten millions digit of 732650496?
3
What is the thousands digit of 210435164?
5
What is the ten millions digit of 127850031?
2
What is the tens digit of 108517711?
1
What is the tens digit of 180455284?
8
What is the ten thousands digit of 146457218?
5
What is the hundred thousands digit of 115488047?
4
What is the thousands digit of 1764925375?
5
What is the thousands digit of 896009372?
9
What is the ten thousands digit of 62244998?
4
What is the ten millions digit of 380842157?
8
What is the hundreds digit of 9733604?
6
What is the hundred thousands digit of 1530252810?
2
What is the thousands digit of 233266976?
6
What is the ten millions digit of 29291844?
2
What is the tens digit of 1887131073?
7
What is the hundred millions digit of 318113424?
3
What is the hundred millions digit of 2036715962?
0
What is the tens digit of 782190858?
5
What is the hundreds digit of 487232243?
2
What is the ten millions digit of 80281831?
8
What is the hundred millions digit of 693459787?
6
What is the hundreds digit of 171691676?
6
What is the millions digit of 21751744?
1
What is the tens digit of 34300716?
1
What is the hundreds digit of 223909434?
4
What is the units digit of 5634277229?
9
What is the millions digit of 142590259?
2
What is the hundred thousands digit of 99761471?
7
What is the billions digit of 1367005967?
1
What is the units digit of 56543322?
2
What is the hundred millions digit of 2239963797?
2
What is the hundred thousands digit of 5923826800?
8
What is the hundred thousands digit of 90702399?
7
What is the millions digit of 11870536?
1
What is the ten thousands digit of 51249502?
4
What is the units digit of 2543721695?
5
What is the ten millions digit of 30355584?
3
What is the thousands digit of 40514394?
4
What is the ten millions digit of 14157802?
1
What is the millions digit of 10487140?
0
What is the hundreds digit of 504390700?
7
What is the ten millions digit of 2992514076?
9
What is the tens digit of 31409655?
5
What is the millions digit of 860880023?
0
What is the hundreds digit of 3337994900?
9
What is the millions digit of 417412653?
7
What is the ten thousands digit of 1638827?
3
What is the hundreds digit of 355906262?
2
What is the hundred thousands digit of 3592541761?
5
What is the hundred thousands digit of 39395024?
3
What is the hundreds digit of 1938847721?
7
What is the units digit of 322622081?
1
What is the hundred millions digit of 177309972?
1
What is the hundreds digit of 342528663?
6
What is the thousands digit of 708951666?
1
What is the units digit of 152246601?
1
What is the tens digit of 253160592?
9
What is the tens digit of 225422328?
2
What is the millions digit of 3235754408?
5
What is the hundreds digit of 66125473?
4
What is the thousands digit of 55145536?
5
What is the hundred millions digit of 168794025?
1
What is the thousands digit of 2292862189?
2
What is the tens digit of 58242416?
1
What is the tens digit of 59665723?
2
What is the ten thousands digit of 2980059?
8
What is the millions digit of 68523340?
8
What is the hundreds digit of 2535536189?
1
What is the ten thousands digit of 564216157?
1
What is the hundred millions digit of 997772467?
9
What is the hundred thousands digit of 108263071?
2
What is the thousands digit of 99900253?
0
What is the millions digit of 1964613?
1
What is the ten millions digit of 67525925?
6
What is the hundred t